ose -3 - 6 = -q - b*c, -4*q + 2*c = -18. Suppose -q*f = 5*x - 11 - 44, -48 = -5*x + 2*f. What is the units digit of x?
0
Let w = 17 - 16. What is the units digit of 1*(0 - -13)*w?
3
Suppose 3*u + a = 124, a + 40 = 2*u - u. What is the units digit of u?
1
Let d(s) = 4 + 2 + 0*s + 0 - s. What is the units digit of d(0)?
6
Let m = 26 + -10. What is the units digit of m?
6
Suppose -2*p + 3*p - 4*l - 31 = 0, 4*l = 4*p - 76. What is the tens digit of p?
1
Let d be (2/(-4))/(2/12). What is the tens digit of ((-54)/15)/(d/15)?
1
Let l be (5/(-2) - 0)*-14. Let f = -22 + l. What is the tens digit of f?
1
Let y(q) be the second derivative of -q**6/120 - q**5/30 + q**3/3 + q**2/2 - q. Let p(j) be the first derivative of y(j). What is the units digit of p(-2)?
2
Suppose 6 = -3*n + 36. Let y = n + -18. Let d = 16 + y. What is the units digit of d?
8
Suppose 0 = 3*w + 309 - 837. What is the units digit of w?
6
Let n(y) = 47*y**3 + 1. What is the units digit of n(1)?
8
Let k(w) = -w**3 - 5*w**2. Let c be k(-5). Suppose -2*u + 0*u - 6 = c. Let i = 11 + u. What is the units digit of i?
8
Let r = -21 + 30. What is the tens digit of (-8)/(-36) - (-106)/r?
1
Suppose 5*v = 10 + 5. Suppose -n + 3*d = -6, 3*n + 3*d - 66 = -2*n. What is the units digit of ((-4)/v)/((-2)/n)?
8
Suppose 0*h - 6 = h. Let q = -2 - h. Suppose -d - q = -19. What is the tens digit of d?
1
What is the units digit of -3 + (-16)/(-4) - -63?
4
What is the tens digit of 232/6 - ((-10)/(-6) - 2)?
3
Let x be 2/(-6) - (-498)/(-18). Let q = 43 + x. What is the tens digit of q?
1
Let r = 8 - 30. Let m = 13 + r. Let l = m + 13. What is the units digit of l?
4
Let y(r) be the second derivative of r**4/12 - r**3/2 - r**2 + r. Suppose -3*m - 3*b + 6 = -0*m, -4*m - 5*b = -5. What is the units digit of y(m)?
8
Suppose p + 2 = 4. Suppose p + 2 = -4*u. Let j = u + 9. What is the units digit of j?
8
Suppose 0*x + 410 = 5*k - 5*x, x = -5*k + 398. What is the units digit of (0 - -3)/(24/k)?
0
Let k be 18 + -1 + (-1)/(-1). Suppose -3*x = 2*r - k, -r = r - 6. Let w(o) = -o**3 + 5*o**2 - o - 3. What is the units digit of w(x)?
9
Let x(d) = -d**2 - d - 1. Suppose -4*b = -2*b + 2. Let k be x(b). What is the units digit of -2 - (-4 + 2) - k?
1
Suppose -2*i + 1 + 9 = 0. Let l = i - 8. Let d = -1 - l. What is the units digit of d?
2
Let w(q) = q. Let i(g) = -g**3 + 9*g**2 - 10*g - 11. Let h(x) = -i(x) - 3*w(x). What is the units digit of h(8)?
3
What is the units digit of (-22)/121 + 618/11?
6
Suppose -23 = -i + 13. Let k = -15 + i. Suppose -k = -4*m - 5. What is the units digit of m?
4
Let d be (-2)/(-8) - (-11)/4. Let v = 7 - d. What is the units digit of v?
4
Let j(c) = -c + 2. Let y be j(6). Let r = y + 13. What is the units digit of r?
9
What is the units digit of (132/18)/((-3)/(-18))?
4
Let j(c) = -c**3 + 4*c**2 + 3*c + 5. Let r = 5 + -1. What is the units digit of j(r)?
7
Let z(b) = 3*b + 11. What is the units digit of z(15)?
6
Suppose -b = 0, -3*b = 2*c - 11 - 9. Let p be (-1)/(2/(-28)*-2). Let t = c + p. What is the units digit of t?
3
Suppose 4*g - 8 = 8. What is the units digit of (-2)/g - 21/(-6)?
3
Suppose 2157 = 20*x - 343. What is the hundreds digit of x?
1
Suppose -j - j - 2*t + 10 = 0, 5*j + 2*t - 13 = 0. Let i = j + -3. Let x(d) = -d**3 - d**2 - 2*d - 3. What is the units digit of x(i)?
5
Suppose 4 = -4*f - 0*f. Let q = f + 4. What is the units digit of q?
3
Suppose 3*k - 6*k + 39 = 0. What is the units digit of k?
3
What is the units digit of 4/26 - 3726/(-117)?
2
Let x be (-9)/(-2 + (-7)/(-2)). What is the units digit of x/((-1)/5 + 0)?
0
What is the tens digit of (-1)/((-1)/(-1))*-141?
4
Let w be (-2)/3 - (-24)/9. What is the units digit of w/7 + (-830)/(-35)?
4
Let u(j) = 3*j**2 + 3*j + 1. Let i be u(-3). Let t be -1 + 3 + -2 + 1. What is the units digit of t/(-2) + i/2?
9
Suppose 3*j = 2*v + 5, 4*j - 3*j + 5 = 4*v. What is the units digit of -2 - (j + -2) - -14?
1
Suppose -5*q - 3*w = -4*q, 3*w = 3*q. Let i = 9 - q. What is the units digit of i?
9
Let a = -6 + 5. What is the tens digit of 5*a/1*-3?
1
Let l be ((-12)/(-9))/(5/(-90)). Suppose 3*y + 45 = -y + n, 4*n - 40 = 2*y. Let b = y - l. What is the units digit of b?
4
Let z = -46 + 78. Suppose -3*d = -z - 1. What is the units digit of d?
1
Let n = 5 - -6. Let p be 2/n - 1206/(-22). Suppose p = 5*x + 10. What is the units digit of x?
9
What is the units digit of (3/(-5))/((6/(-570))/1)?
7
Let l(v) = -37*v**3 + v**2 + 5*v - 5. Let s(p) = -p + 1. Let a(n) = -l(n) - 4*s(n). Let i be a(1). What is the tens digit of (-2)/1 + i/3?
1
Suppose -v + 3*v = -4. What is the units digit of (-2)/v - (-5)/1?
6
Let i = 206 - 65. What is the hundreds digit of i?
1
Let d be (1*(-2 - -2))/(-2). Let r = -2 - d. What is the units digit of (2/3)/(r/(-21))?
7
Suppose i - 4 = -0*i, 2*i - 26 = -3*m. Suppose -m*a + a + 5*h = -170, 3*a + 3*h = 102. What is the tens digit of a?
3
Suppose 0 = 22*a - 25*a + 333. What is the tens digit of a?
1
What is the tens digit of ((-3)/(-9))/((-3)/(-711))?
7
Suppose 0 = 5*b - 1330 - 245. What is the units digit of b?
5
What is the units digit of (20/8)/(3/114)?
5
Let q(r) = 19*r + 21. What is the hundreds digit of q(7)?
1
What is the units digit of (32/(-3))/(7/(-84))?
8
Let u(i) = 2*i**2 - 4*i - 2. Let j be u(5). Suppose 2*q - 10 = j. What is the tens digit of 0/(-2 + 0) + q?
1
Suppose u - 3 = -1. Suppose -9 = -5*c + u*c. What is the units digit of c?
3
Suppose 4*n + 64 = 8*n. What is the units digit of n?
6
Suppose 5*f = 2*f + 4*a + 179, -3*a + 308 = 5*f. What is the units digit of f?
1
Let j(g) = g**2 - 5*g + 4. Let y be j(5). Suppose 6*t - y*t - 42 = 0. What is the tens digit of t?
2
Let z(u) = 4*u**2 - u. Let y be z(-1). Let b = -19 - -39. Suppose 3*m + t + t = b, -3*m = y*t - 23. What is the units digit of m?
6
Suppose -15*v = -14*v - 10. What is the tens digit of v?
1
Suppose -a - a - 3*f + 33 = 0, -f = 3*a - 32. Suppose 5*s - 11 - a = 0. Let d = s + -2. What is the units digit of d?
2
Let d(x) = 4*x**2 - 13*x - 5. What is the units digit of d(4)?
7
Suppose 2*w + 782 = -0*x + 3*x, -w - 1051 = -4*x. What is the units digit of x?
4
Let p = 1 + -1. Suppose 2*k = 3*k + 3. Let w = p - k. What is the units digit of w?
3
Suppose -2*x + 37 = -x. Suppose -x = -5*n - 7. What is the units digit of n?
6
Suppose 0*z = -z + 13. Suppose -z = o + 3*j, -o + 5*j = 4*o - 35. What is the units digit of o?
2
Suppose -2*q + 32 = 4*z + 12, -6 = -5*q + z. Suppose 4*a - 10 = q*a. Suppose 7 = -a*b + 27. What is the units digit of b?
4
Suppose 3*j = -0*j. Suppose 2*z - 5*z + 3 = j. What is the units digit of z?
1
Suppose 4*n = 6 + 6. Suppose 2*d + 0*a = n*a + 2, 3*d - 1 = 5*a. What is the units digit of d?
7
Suppose 0*a = -2*a + 26. What is the tens digit of a?
1
Let q(t) = -t**3 - 8*t**2 + 3*t - 8. What is the tens digit of q(-9)?
4
Suppose 14 = 3*u + 5*s, 18 = 5*u - s + 4*s. Suppose 0 = -w - u*w + 24. What is the units digit of (-3)/2*(-8)/w?
2
Let h(j) = 2*j + 45. What is the units digit of h(10)?
5
Suppose 5*u - 2*u = 78. What is the units digit of u?
6
Suppose -4*x = 5*h + 10, -4*x = 2*h + h + 14. Let t = 1 + 0. Suppose -5*q = 2*j - 31, -h*j + 3*q - 10 + t = 0. What is the units digit of j?
3
Let x(o) = -o + 4. Let i be x(-6). Let w(a) = 7*a + 2*a**2 + i - a**2 - 2. What is the units digit of w(-7)?
8
Let n(f) = 14*f**2 + 4*f - 3. What is the tens digit of n(-3)?
1
Let v = -42 - -90. What is the units digit of v?
8
Suppose 4*f = -5*f + 486. What is the tens digit of f?
5
Suppose 290 = 8*l + 82. What is the units digit of l?
6
Let c(w) be the third derivative of 2/3*w**3 + 0 - 1/4*w**4 + 3*w**2 - 1/120*w**6 - 7/60*w**5 + 0*w. What is the units digit of c(-6)?
4
Let o = -11 - -7. Suppose -3*j + b - 1 = 2*j, -5*j + 15 = -5*b. What is the units digit of (j/(-1))/(o/(-20))?
5
Let s(b) = -b - 6. Let z be s(-8). Suppose z*u - 13 = 1. What is the units digit of u?
7
Let x(t) = -2*t**2. Let d(z) = z**3 + 2*z**2 - 3*z - 1. Let y be d(-3). Let k be x(y). What is the units digit of 0 + (-2 - k) + 2?
2
Suppose -3*b = 2*j - 57, -j - 2*j = b - 26. What is the tens digit of b?
1
Let i(p) be the third derivative of 0*p - 1/3*p**4 + 0 - p**2 - 1/3*p**3. What is the units digit of i(-2)?
4
Let v = -20 - -28. Let a(w) = w - 5. What is the units digit of a(v)?
3
Let x